{"id":3790,"date":"2018-11-16T12:13:02","date_gmt":"2018-11-16T19:13:02","guid":{"rendered":"https:\/\/www.amicaledessommeliers.com\/Outaouais\/?page_id=3790"},"modified":"2025-11-09T10:00:14","modified_gmt":"2025-11-09T17:00:14","slug":"page-events","status":"publish","type":"page","link":"https:\/\/amicaledessommeliers.com\/Coeurduquebec\/","title":{"rendered":"Section Coeur du Qu\u00e9bec \/ Activit\u00e9s \u00e0 venir&#8230;"},"content":{"rendered":"\n<p><\/p>\n\n\n\n<p><\/p>\n\n\n\n<p><\/p>\n\n\n\n<h1 style=\"font-style:italic;font-weight:600\"><\/h1>\n\n\n<h2><\/h2>\n<h2><span style=\"color: #993300;\">\t<ul class=\"event-categories\">\r\n\t\t\t\t\t<li><a href=\"https:\/\/amicaledessommeliers.com\/Coeurduquebec\/activites\/categories\/banquet\/\">Banquet<\/a><\/li>\r\n\t\t\t<\/ul>\r\n\t<\/span><\/h2>\n<p><img width=\"115\" height=\"115\" src=\"https:\/\/amicaledessommeliers.com\/Coeurduquebec\/wp-content\/uploads\/2026\/04\/Escapade-gourmande-aux-Goglus.png\" class=\"attachment-173x115 size-173x115 wp-post-image\" alt=\"Soir\u00e9e \u00ab Escapade gourmande \u00e0 l&#039;auberge aux Goglus \u00bb\" decoding=\"async\" loading=\"lazy\" srcset=\"https:\/\/amicaledessommeliers.com\/Coeurduquebec\/wp-content\/uploads\/2026\/04\/Escapade-gourmande-aux-Goglus.png 1024w, https:\/\/amicaledessommeliers.com\/Coeurduquebec\/wp-content\/uploads\/2026\/04\/Escapade-gourmande-aux-Goglus-300x300.png 300w, https:\/\/amicaledessommeliers.com\/Coeurduquebec\/wp-content\/uploads\/2026\/04\/Escapade-gourmande-aux-Goglus-150x150.png 150w, https:\/\/amicaledessommeliers.com\/Coeurduquebec\/wp-content\/uploads\/2026\/04\/Escapade-gourmande-aux-Goglus-768x768.png 768w, https:\/\/amicaledessommeliers.com\/Coeurduquebec\/wp-content\/uploads\/2026\/04\/Escapade-gourmande-aux-Goglus-800x800.png 800w, https:\/\/amicaledessommeliers.com\/Coeurduquebec\/wp-content\/uploads\/2026\/04\/Escapade-gourmande-aux-Goglus-250x250.png 250w\" sizes=\"(max-width: 115px) 100vw, 115px\" \/> <strong><a href=\"https:\/\/amicaledessommeliers.com\/Coeurduquebec\/activites\/soiree-escapade-gourmande-a-lauberge-aux-goglus\/\">Soir\u00e9e \u00ab Escapade gourmande \u00e0 l&#039;auberge aux Goglus \u00bb<\/a>, jeudi 30 avril 2026 <\/strong><strong> de 18 h 00 - 22 h 00<\/strong><br><p>Soir\u00e9e \u00ab Escapade gourmande \u00e0 l&rsquo;auberge aux Goglus \u00bb Et si, pour clore la saison, nous prenions la route ensemble vers une destination aussi gourmande que conviviale ? Cette ann\u00e9e, nous vous invitons \u00e0 c\u00e9l\u00e9brer la fin de nos activit\u00e9s \u00e0 l\u2019auberge Aux Goglus, situ\u00e9e \u00e0 Shawinigan (secteur Saint-Jean-des-Piles), un \u00e9tablissement reconnu pour sa cuisine [&#8230;]<\/p>\n <\/p>\n\n\n<h2><a href=\"https:\/\/amicaledessommeliers.com\/Coeurduquebec\/?page_id=5533&amp;preview=true\">Publications Nos Cuv\u00e9es<\/a><\/h2>\n\n\n\n<div class=\"is-layout-constrained wp-block-group\"><div class=\"wp-block-group__inner-container\">\n<h2 class=\"has-vivid-green-cyan-color has-text-color\"><a href=\"https:\/\/amicaledessommeliers.com\/Coeurduquebec\/wp-content\/uploads\/2025\/11\/Calendrier-des-activites-2025-2026-V2.pdf\">Calendrier de nos activit\u00e9s 2025-2026<\/a><\/h2>\n\n\n\n<h2 class=\"has-vivid-green-cyan-color has-text-color\"><a href=\"https:\/\/amicaledessommeliers.com\/Coeurduquebec\/wp-content\/uploads\/2025\/09\/Formulaire-dinscription-Membres-V2.pdf\">Formulaire d&rsquo;adh\u00e9sion<\/a><\/h2>\n<\/div><\/div>\n\n\n\n<h2><mark style=\"background-color:rgba(0, 0, 0, 0)\" class=\"has-inline-color has-vivid-cyan-blue-color\">Pour vous abonner \u00e0 notre infolettre<\/mark><\/h2>\n\n\n\n<p><\/p>\n\n\n<script>(function() {\n\twindow.mc4wp = window.mc4wp || {\n\t\tlisteners: [],\n\t\tforms: {\n\t\t\ton: function(evt, cb) {\n\t\t\t\twindow.mc4wp.listeners.push(\n\t\t\t\t\t{\n\t\t\t\t\t\tevent   : evt,\n\t\t\t\t\t\tcallback: cb\n\t\t\t\t\t}\n\t\t\t\t);\n\t\t\t}\n\t\t}\n\t}\n})();\n<\/script><!-- Mailchimp for WordPress v4.9.0 - https:\/\/wordpress.org\/plugins\/mailchimp-for-wp\/ --><form id=\"mc4wp-form-1\" class=\"mc4wp-form mc4wp-form-5143 mc4wp-form-theme mc4wp-form-theme-green\" method=\"post\" data-id=\"5143\" data-name=\"Abonnement \u00e0 notre Infolettre\" ><div class=\"mc4wp-form-fields\">Abonnement \u00e0 notre Infolettre\r\n\r\n<p>\r\n\t<label>Adresse de courrier \u00e9lectronique:\r\n  \r\n          \r\n      \r\n\t\t<input type=\"email\" name=\"EMAIL\" placeholder=\"Votre adresse courriel\" required \/>\r\n<\/label>\r\n  \r\n<p>\r\n    <label>Pr\u00e9nom<\/label>\r\n    <input type=\"text\" name=\"FNAME\" placeholder=\"Veuillez entrer votre pr\u00e9nom\"\r\n<p>\r\n\r\n<\/p>\r\n\r\n<\/p>\r\n\r\n<p>\r\n    <label>Nom<\/label>\r\n    <input type=\"text\" name=\"LNAME\" placeholder=\"Veuillez entrer votre nom\"\r\n    required=\"\">\r\n<\/p>\r\n\r\n<p>\r\n\t<input type=\"submit\" value=\"Abonnez-vous\" \/>\r\n<\/p><\/div><label style=\"display: none !important;\">Laissez ce champ vide si vous \u00eates humain\u00a0: <input type=\"text\" name=\"_mc4wp_honeypot\" value=\"\" tabindex=\"-1\" autocomplete=\"off\" \/><\/label><input type=\"hidden\" name=\"_mc4wp_timestamp\" value=\"1776591076\" \/><input type=\"hidden\" name=\"_mc4wp_form_id\" value=\"5143\" \/><input type=\"hidden\" name=\"_mc4wp_form_element_id\" value=\"mc4wp-form-1\" \/><div class=\"mc4wp-response\"><\/div><\/form><!-- \/ Mailchimp for WordPress Plugin -->\n","protected":false},"excerpt":{"rendered":"<p>Publications Nos Cuv\u00e9es Calendrier de nos activit\u00e9s 2025-2026 Formulaire d&rsquo;adh\u00e9sion Pour vous abonner \u00e0 notre infolettre<\/p>\n","protected":false},"author":3,"featured_media":4075,"parent":0,"menu_order":1,"comment_status":"closed","ping_status":"closed","template":"","meta":[],"_links":{"self":[{"href":"https:\/\/amicaledessommeliers.com\/Coeurduquebec\/wp-json\/wp\/v2\/pages\/3790"}],"collection":[{"href":"https:\/\/amicaledessommeliers.com\/Coeurduquebec\/wp-json\/wp\/v2\/pages"}],"about":[{"href":"https:\/\/amicaledessommeliers.com\/Coeurduquebec\/wp-json\/wp\/v2\/types\/page"}],"author":[{"embeddable":true,"href":"https:\/\/amicaledessommeliers.com\/Coeurduquebec\/wp-json\/wp\/v2\/users\/3"}],"replies":[{"embeddable":true,"href":"https:\/\/amicaledessommeliers.com\/Coeurduquebec\/wp-json\/wp\/v2\/comments?post=3790"}],"version-history":[{"count":77,"href":"https:\/\/amicaledessommeliers.com\/Coeurduquebec\/wp-json\/wp\/v2\/pages\/3790\/revisions"}],"predecessor-version":[{"id":5830,"href":"https:\/\/amicaledessommeliers.com\/Coeurduquebec\/wp-json\/wp\/v2\/pages\/3790\/revisions\/5830"}],"wp:featuredmedia":[{"embeddable":true,"href":"https:\/\/amicaledessommeliers.com\/Coeurduquebec\/wp-json\/wp\/v2\/media\/4075"}],"wp:attachment":[{"href":"https:\/\/amicaledessommeliers.com\/Coeurduquebec\/wp-json\/wp\/v2\/media?parent=3790"}],"curies":[{"name":"wp","href":"https:\/\/api.w.org\/{rel}","templated":true}]}}