{"id":4,"date":"2011-06-22T17:04:09","date_gmt":"2011-06-23T00:04:09","guid":{"rendered":"http:\/\/www.amicaledessommeliers.com\/wordpressOU\/?page_id=4"},"modified":"2019-02-12T14:28:31","modified_gmt":"2019-02-12T21:28:31","slug":"qui-sommes-nous","status":"publish","type":"page","link":"https:\/\/amicaledessommeliers.com\/Coeurduquebec\/qui-sommes-nous\/","title":{"rendered":"Qui sommes-nous?"},"content":{"rendered":"<h3>Pr\u00e9sentation de l\u2019Amicale des Sommeliers du Qu\u00e9bec<\/h3>\n<p>L&rsquo;Amicale des Sommeliers du Qu\u00e9bec, c&rsquo;est avant tout une association \u00e0 but non lucratif regroupant pr\u00e8s de huit cents (800) membres amoureux du vin \u00e0 travers le Qu\u00e9bec. Ceux-ci se r\u00e9partissent dans un \u00e9ventail allant du simple n\u00e9ophyte amateur \u00e0 l&rsquo; \u0153nophile le plus chevronn\u00e9. Qu&rsquo;est-ce que l\u2019Amicale?<\/p>\n<p>La mission de l&rsquo;Amicale est de propager l&rsquo;amour et la connaissance du vin. Pour ce faire, nous organisons des d\u00e9gustations de vins et des repas gastronomiques, donnons des cours sur la connaissance des vins et offrons des ateliers sur l&rsquo;accord des mets et des vins. \u2028\u2028Notre association regroupe cinq sections r\u00e9gionales : la section C\u0153ur du Qu\u00e9bec, la section Cantons-de-l&rsquo;Est, la section de Montr\u00e9al m\u00e9tropolitain, la section Outaouais et la section de Qu\u00e9bec.<\/p>\n<h3>Qui peut devenir membre de l\u2019Amicale?<\/h3>\n<p>Toute personne qui partage le go\u00fbt du vin et qui aimerait participer \u00e0 nos activit\u00e9s \u0153nophiles avec ses amis ou pour rencontrer de nouveaux amis. (Adulte &#8211; 18 ans et plus)<\/p>\n<h3>Quels sont les avantages d\u2019\u00eatre membre?<\/h3>\n<p>Les membres ont un acc\u00e8s direct, \u00e0 un co\u00fbt privil\u00e9gi\u00e9 par rapport au public, \u00e0 toutes les activit\u00e9sde l&rsquo;Amicale.<\/p>\n<p>Selon les sections, nous offrons :<\/p>\n<ul>\n<li>D\u00e9gustations de vins r\u00e9gionaux accompagn\u00e9s de sp\u00e9cialit\u00e9s culinaires<\/li>\n<li>D\u00e9gustations techniques de vins vieux et rares<\/li>\n<li>Rencontres avec des producteurs<\/li>\n<li>Repas gastronomiques<\/li>\n<li>Ateliers accord mets et vins<\/li>\n<li>Concours \u0153nophiles<\/li>\n<li>Etc.<\/li>\n<\/ul>\n<p>Le membre b\u00e9n\u00e9ficie en outre de rabais chez certains commer\u00e7ants \u00e0 travers le Qu\u00e9bec.<\/p>\n","protected":false},"excerpt":{"rendered":"<p>Pr\u00e9sentation de l\u2019Amicale des Sommeliers du Qu\u00e9bec L&rsquo;Amicale des Sommeliers du Qu\u00e9bec, c&rsquo;est avant tout une association \u00e0 but non lucratif regroupant pr\u00e8s de huit cents (800) membres amoureux du vin \u00e0 travers le Qu\u00e9bec. Ceux-ci se r\u00e9partissent dans un \u00e9ventail allant du simple n\u00e9ophyte amateur \u00e0 l&rsquo; \u0153nophile le plus chevronn\u00e9. Qu&rsquo;est-ce que l\u2019Amicale? La mission de l&rsquo;Amicale est de propager l&rsquo;amour et la connaissance du vin. Pour ce<\/p>\n<p><a class=\"more-link\" href=\"https:\/\/amicaledessommeliers.com\/Coeurduquebec\/qui-sommes-nous\/\">Lire la suite&#8230;<\/a><\/p>\n","protected":false},"author":3,"featured_media":0,"parent":0,"menu_order":4,"comment_status":"closed","ping_status":"closed","template":"","meta":[],"_links":{"self":[{"href":"https:\/\/amicaledessommeliers.com\/Coeurduquebec\/wp-json\/wp\/v2\/pages\/4"}],"collection":[{"href":"https:\/\/amicaledessommeliers.com\/Coeurduquebec\/wp-json\/wp\/v2\/pages"}],"about":[{"href":"https:\/\/amicaledessommeliers.com\/Coeurduquebec\/wp-json\/wp\/v2\/types\/page"}],"author":[{"embeddable":true,"href":"https:\/\/amicaledessommeliers.com\/Coeurduquebec\/wp-json\/wp\/v2\/users\/3"}],"replies":[{"embeddable":true,"href":"https:\/\/amicaledessommeliers.com\/Coeurduquebec\/wp-json\/wp\/v2\/comments?post=4"}],"version-history":[{"count":33,"href":"https:\/\/amicaledessommeliers.com\/Coeurduquebec\/wp-json\/wp\/v2\/pages\/4\/revisions"}],"predecessor-version":[{"id":4306,"href":"https:\/\/amicaledessommeliers.com\/Coeurduquebec\/wp-json\/wp\/v2\/pages\/4\/revisions\/4306"}],"wp:attachment":[{"href":"https:\/\/amicaledessommeliers.com\/Coeurduquebec\/wp-json\/wp\/v2\/media?parent=4"}],"curies":[{"name":"wp","href":"https:\/\/api.w.org\/{rel}","templated":true}]}}